09 = 4916. Is l a composite number?
False
Suppose o + p + 3 = 2, -4*p = -2*o + 22. Suppose -4*g = 2*u + g - 146246, -219379 = -o*u - 5*g. Is u a composite number?
False
Let n = -12386 + -7739. Let s = n + 30579. Is s a prime number?
False
Let x be 3 + 0 + 4 + -4. Suppose -62 = x*h - 4*u, 5*u = 15*h - 10*h + 100. Let v = 55 + h. Is v composite?
False
Suppose -3*p = -2*v - 6*p + 39, -2*v - 5*p + 33 = 0. Suppose -x = x + v. Let h(y) = 4*y**2 + 5*y + 5. Is h(x) composite?
False
Suppose 19*u = 3*u - 6016. Let h = -187 - u. Suppose 0 = -k + h - 10. Is k prime?
True
Let j be ((-2)/5)/((-4404)/(-1470) + -3). Let h = 101 - j. Suppose -750 = -h*l + 5385. Is l a composite number?
True
Suppose t = b - 9, 5*b - t + 0*t - 49 = 0. Let a(q) = q**2 - 7*q - 15. Let v be a(b). Suppose -2*j = -3*i + 3*j + 1698, -5*j = -v. Is i a prime number?
True
Suppose -536*l = -483*l - 2793450 - 2149171. Is l a prime number?
True
Let l(o) = -83*o - 19. Let h be l(6). Let a = h - -1256. Is a a prime number?
True
Let d(w) = w + 17. Let z be d(-10). Suppose -3*y - 82499 = -4*x, -z = -2*y - 1. Is x composite?
False
Let k = 19 - 15. Suppose -4*j = -1317 - 1163. Suppose -k*w + 2*p + 369 = -w, -5*w = -5*p - j. Is w a prime number?
False
Let h(a) = 1531*a + 80. Is h(9) composite?
False
Let f = -156 + 160. Suppose -17*r - f*t + 310 = -15*r, 5*r - 5*t - 775 = 0. Is r prime?
False
Let b be (-80)/(-28) + (24/21 - 1). Suppose b*o = -x + 172908, -10*x = -4*o - 12*x + 230542. Is o a composite number?
False
Suppose -2 = 2*b - 10. Suppose -3*p + 26 = -4*q, -3*p + 5*q = 7*q + b. Suppose h + 192 = f, p*f - 385 = 4*h - h. Is f composite?
False
Suppose 2*s - 2 = 2*d, 0*d - d = -2*s + 6. Suppose -1339 = 2*m + s*h, -3*h - 4 = -1. Let o = 3210 + m. Is o a prime number?
True
Let f(x) = -3*x - 63. Suppose 5*t = -4*n - 116, 0 = 5*t - 5*n + 14 + 66. Let s be f(t). Is (-2803)/s - (-6)/72*-4 a prime number?
False
Suppose -z = -x - 17589, 3*x = -22*z + 20*z + 35158. Is z a prime number?
False
Let z(x) = -675*x + 21. Let w be z(-9). Suppose w = 6*d - 8874. Is d prime?
False
Let x(r) = -r - 4. Let k be x(-2). Let g(t) = -1011*t - 3. Let y be g(k). Suppose -2*q + 3*z = -1123 - 223, 3*q - y = z. Is q a composite number?
False
Suppose -1818*g - 2218038 = -1824*g. Is g prime?
True
Let r(c) = 245*c - 132. Is r(27) prime?
False
Let b(k) be the third derivative of -23*k**4/8 + k**3/6 - 83*k**2. Is b(-6) composite?
True
Suppose -105*h + 27417674 = 197*h. Is h prime?
True
Is (156/(-13) - -21) + (-135670)/(-5) prime?
True
Suppose -2*y - 40 = -7*y. Suppose 2*s = y*s. Suppose 0*v - 2*v + 502 = s. Is v a composite number?
False
Let p(b) = 60*b + 40. Let u be p(-9). Let q = u - -3109. Is q prime?
True
Let u(y) be the first derivative of -81*y**2/2 + 23*y + 28. Let p be u(5). Let h = p + 1925. Is h composite?
False
Let r(j) be the second derivative of -23*j**3/6 - 3*j**2/2 - 6*j. Let f be r(2). Let i = f - -108. Is i a prime number?
True
Suppose -3994 = -2*o + 14236. Is o prime?
False
Suppose -j = -4*j + 4938. Suppose 3*c = 2*x - c - j, 4*x + 3*c - 3281 = 0. Let q = 2280 - x. Is q a prime number?
True
Let t(c) = 323*c - 7. Let u(r) = -323*r + 6. Let o(j) = 5*t(j) + 4*u(j). Let z(m) = m**3 - 77*m**2 - 157*m - 77. Let f be z(79). Is o(f) a prime number?
False
Let l(n) = 3108*n**2 - 7*n + 1. Suppose 0 = 84*i - 77*i - 14. Is l(i) a prime number?
False
Let f = 101711 - 24768. Is f prime?
True
Let y be (-2 - (-926)/2)*-3. Let o = 2134 + y. Is o composite?
False
Let l = 8948 - 3644. Suppose j - l = -z - 2040, -4*z = -3*j - 13049. Is z prime?
False
Let l(r) = -220*r + 60. Let f(p) = -p - 2. Let w(z) = -3*f(z) + l(z). Is w(-11) prime?
False
Let w be (35 - 41)*(-1 - 1) - -1. Suppose 0 = -w*t + 34351 + 24591. Is t prime?
False
Let t(s) = -s**3 - 5*s**2 - 12*s - 8. Let p be t(-3). Suppose 48885 = p*z - 31645. Is z prime?
True
Let b = -1032587 - -1445914. Is b a prime number?
False
Suppose 19*q = -34*q + 70*q - 2249083. Is q composite?
False
Suppose -4*m + 3*u = -13, 44 = 4*m + 4*u - 4. Suppose -m*v = -4*v - 15. Suppose -v*a + 2*c + 1055 - 248 = 0, -16 = -4*c. Is a a composite number?
False
Let t = 44005 - -198066. Is t composite?
True
Is (3 - (1 - (7 + -5)*-2)) + 88483 a prime number?
False
Let c(b) = 3*b + 97. Let h be c(-31). Suppose -1640 = -u - 2*l + 3*l, u - h*l - 1649 = 0. Is u a prime number?
True
Suppose -2*j + 3*z = -33723 - 45591, 4*j - 158620 = 4*z. Is j composite?
True
Let p(h) = -187*h - 33. Let r be p(-5). Suppose g - r = -5*c - 0*g, 5*g - 528 = -3*c. Is c prime?
True
Let r = 8 - 49. Let d = r - -45. Suppose -d*m + 3 = -m, -v - 2*m + 21 = 0. Is v a prime number?
True
Suppose 0 = v + 2*z - 101, 51*z = -5*v + 47*z + 499. Suppose v*t = 101*t - 12394. Is t composite?
False
Suppose 62*j = -69*j - 6*j + 56303849. Is j a composite number?
True
Suppose 0 = -3*n + 37584 - 15555. Let l = -44 + 53. Suppose -2114 = l*j - n. Is j a composite number?
True
Suppose -3*m = -1 + 13, 0 = -3*x + 2*m - 352. Let g = x + 331. Is g composite?
False
Suppose -2*g - 6 = -p, p = -5*g + 2 - 10. Suppose -p*t + t = 2*y - 2, -4*y + 2*t - 4 = 0. Suppose b - 4*o = 1761, 3*b - 5239 = o - y*o. Is b composite?
True
Let h(k) = 147*k**3 + 37*k**2 - 28*k + 5. Let j(i) = -37*i**3 - 9*i**2 + 7*i - 1. Let f = -29 - -27. Let q(m) = f*h(m) - 9*j(m). Is q(4) composite?
False
Is 16/(-384)*1735928*6/(-2) composite?
False
Suppose -1761 = -5*l + 519. Let w = l - -37. Is w a composite number?
True
Suppose 3*a + 5*q = 8*a - 285, 5*q + 171 = 3*a. Suppose -82*c = -81*c - 13. Suppose -7*b + a = -c. Is b composite?
True
Let z(s) = 24*s - 137. Let k(u) = -u**2 - 28*u - 70. Let q be k(-24). Is z(q) prime?
True
Suppose 0 = 9*t + 6*t + 10650. Let i be -3 + 154/2 + 3. Let j = i - t. Is j a prime number?
True
Let t(a) = a**3 - 9*a**2 - 5*a + 19. Let u be t(9). Let d be 2 + 140/(-65) - 992/u. Is (d/1 + 0)*(-1846)/(-52) a prime number?
False
Let p(l) = 32*l**3 - 82*l**2 + 527*l + 14. Is p(7) a prime number?
False
Suppose -145*m + 163*m - 10764 = 0. Suppose -1946 + m = -2*j. Is j composite?
True
Let w(g) = 4*g**2 - 17*g - 1. Let u be w(4). Let k be ((-5)/(-2))/u + (-14875)/(-10). Let q = k - 708. Is q a composite number?
True
Let x(p) = 2*p**2 - 67*p - 101. Is x(46) prime?
True
Suppose -21*a - 4532525 = -33523382. Is a a prime number?
True
Suppose 0 = -73*y + 2115320 + 619479. Is y a prime number?
True
Let a(v) = v**2 - 24*v + 1. Let q be a(0). Is 20/15*-3 + q*2171 composite?
True
Let q = 35604 - 11575. Is q a composite number?
False
Let c = -1109478 - -1927571. Is c a prime number?
True
Suppose 0 = 5*c - p - 180979, -3*c - 11*p + 12*p = -108585. Is c prime?
False
Let r(j) = 3*j**2 + j - 29. Let y(o) = -10*o + 10*o**2 + 12*o + 15 - 103. Let x(t) = 7*r(t) - 2*y(t). Is x(14) prime?
True
Let n be ((-9)/(16 - 7))/(2/(-2136)). Is 4 + (-12)/(-4) + -6 + n a prime number?
True
Suppose -2*s - 4*y - 25293 + 91491 = 0, 4*s = 2*y + 132436. Is s prime?
True
Suppose 8*z + 5 = 3*z, -5*o - 5*z - 5 = 0. Suppose 2*g - 4 + o = 0, 4*h + 3*g = 86. Suppose 4*x - 1816 = -h. Is x a composite number?
False
Suppose -90*l + 152177277 = 59*l + 1078016. Is l a composite number?
False
Let f be 2*(-21)/14*(-26)/(-3). Is 1*2579*f/(-26) composite?
False
Is (-4602)/(-104)*-1004*(-2)/6 a composite number?
True
Let q(o) = 911*o**2 - 8*o + 2. Let t be q(4). Let m = t - 10035. Is m a prime number?
False
Let m = -1794 + 6035. Suppose -m = -2*v - 5*h + 7827, -4*v + 3*h + 24110 = 0. Is v composite?
False
Let x(z) = -z**3 + 17*z**2 - 4*z + 7. Let v be x(9). Let a = v - 222. Is a a prime number?
True
Let g be (7 - 2) + 14576 + 3. Let z = g - 9911. Is z a composite number?
False
Let i(s) = 194*s**2 - s - 10. Suppose 17 - 125 = -36*d. Is i(d) a prime number?
True
Let z(u) = 4938*u**2 + 29*u - 77. Is z(14) a composite number?
True
Suppose 5*k + 3*j + 39 = 0, 4*j = 3*k - 3 + 9. Is (-394858)/(-76) - k/4 prime?
True
Let t(v) = 3*v + 4. Let q be t(-4). Let j(s) = 6*s + s**2 - s**3 - s**3 - 4*s + 1025 - 1047 + s. Is j(q) a prime number?
False
Is (-40)/(-12)*(-442554)/(-15) - (-95)/57 a prime number?
True
Suppose -88*c + 101*c = 265850. Suppose 25500 + c = 10*i. Is i prime?
False
Let t = 93227 + 144762. Is t a composite number?
True
Is (-3 - -4)*((-226457)/(-44) - 3/(-12)) prime?
True
Suppose -14*g + 622 = -386. Suppose 2*m - 2*d 